{"id":322723,"date":"2024-06-08T16:47:50","date_gmt":"2024-06-08T13:47:50","guid":{"rendered":"https:\/\/monterra.com.tr\/?page_id=322723"},"modified":"2026-04-06T19:11:04","modified_gmt":"2026-04-06T16:11:04","slug":"iletisim","status":"publish","type":"page","link":"https:\/\/monterra.com.tr\/index.php\/iletisim\/","title":{"rendered":"\u0130leti\u015fim"},"content":{"rendered":"<p>[et_pb_section fb_built=&#8221;1&#8243; admin_label=&#8221;Section &#8211; 6-9 Header Divi Layout Kit &#8211; BG Image 1900&#215;1160 Pixels&#8221; module_class=&#8221;header6&#8243; _builder_version=&#8221;4.25.1&#8243; background_color=&#8221;#27abda&#8221; background_image=&#8221;https:\/\/monterra.com.tr\/wp-content\/uploads\/2024\/05\/Adsiz-tasarim-32.png&#8221; global_colors_info=&#8221;{}&#8221;][et_pb_row column_structure=&#8221;2_3,1_3&#8243; custom_padding_last_edited=&#8221;on|tablet&#8221; admin_label=&#8221;Row &#8211; 6-9 Header Divi Layout Kit&#8221; _builder_version=&#8221;4.16&#8243; background_size=&#8221;initial&#8221; background_position=&#8221;top_left&#8221; background_repeat=&#8221;repeat&#8221; custom_padding=&#8221;0vw||5.3vw|||&#8221; custom_padding_tablet=&#8221;30vw||1.3vw|&#8221; custom_padding_phone=&#8221;&#8221; custom_css_main_element=&#8221;max-width: 1602px;|| width: 90%;&#8221; global_colors_info=&#8221;{}&#8221;][et_pb_column type=&#8221;2_3&#8243; _builder_version=&#8221;4.16&#8243; custom_padding=&#8221;|||&#8221; global_colors_info=&#8221;{}&#8221; custom_padding__hover=&#8221;|||&#8221;][et_pb_cta title=&#8221;Monterra ile \u0130leti\u015fime Ge\u00e7in&#8221; admin_label=&#8221;CTA &#8211; Everything Matters&#8221; _builder_version=&#8221;4.16&#8243; header_font=&#8221;Open Sans|on|||&#8221; header_font_size=&#8221;5.3vw&#8221; body_font_size=&#8221;30&#8243; use_background_color=&#8221;off&#8221; background_size=&#8221;initial&#8221; background_position=&#8221;top_left&#8221; background_repeat=&#8221;repeat&#8221; text_orientation=&#8221;left&#8221; header_font_size_tablet=&#8221;50&#8243; header_font_size_phone=&#8221;30&#8243; header_font_size_last_edited=&#8221;on|phone&#8221; body_font_size_tablet=&#8221;26&#8243; body_font_size_phone=&#8221;22&#8243; body_font_size_last_edited=&#8221;on|phone&#8221; custom_css_promo_description=&#8221;max-width: 630px;|| padding-bottom: 43px;&#8221; custom_css_promo_title=&#8221;padding-bottom:40px !important;||line-height: 120%;|| margin-left: -10px;&#8221; global_colors_info=&#8221;{}&#8221; button_text_size__hover_enabled=&#8221;off&#8221; button_one_text_size__hover_enabled=&#8221;off&#8221; button_two_text_size__hover_enabled=&#8221;off&#8221; button_text_color__hover_enabled=&#8221;off&#8221; button_one_text_color__hover_enabled=&#8221;off&#8221; button_two_text_color__hover_enabled=&#8221;off&#8221; button_border_width__hover_enabled=&#8221;off&#8221; button_one_border_width__hover_enabled=&#8221;off&#8221; button_two_border_width__hover_enabled=&#8221;off&#8221; button_border_color__hover_enabled=&#8221;off&#8221; button_one_border_color__hover_enabled=&#8221;off&#8221; button_two_border_color__hover_enabled=&#8221;off&#8221; button_border_radius__hover_enabled=&#8221;off&#8221; button_one_border_radius__hover_enabled=&#8221;off&#8221; button_two_border_radius__hover_enabled=&#8221;off&#8221; button_letter_spacing__hover_enabled=&#8221;off&#8221; button_one_letter_spacing__hover_enabled=&#8221;off&#8221; button_two_letter_spacing__hover_enabled=&#8221;off&#8221; button_bg_color__hover_enabled=&#8221;off&#8221; button_one_bg_color__hover_enabled=&#8221;off&#8221; button_two_bg_color__hover_enabled=&#8221;off&#8221;]<\/p>\n<p>Etkinlik, kongre ve daha fazlas\u0131&#8230;<\/p>\n<p>[\/et_pb_cta][et_pb_image src=&#8221;https:\/\/monterra.com.tr\/wp-content\/uploads\/2024\/06\/arrow-big.png&#8221; url=&#8221;#&#8221; admin_label=&#8221;Image 80&#215;80 Pixels&#8221; _builder_version=&#8221;4.16&#8243; custom_margin=&#8221;1.3vw|||&#8221; animation_direction=&#8221;off&#8221; custom_css_main_element=&#8221;height: auto !important;&#8221; animation=&#8221;off&#8221; always_center_on_mobile=&#8221;off&#8221; global_colors_info=&#8221;{}&#8221;][\/et_pb_image][\/et_pb_column][et_pb_column type=&#8221;1_3&#8243; _builder_version=&#8221;4.16&#8243; custom_padding=&#8221;|||&#8221; global_colors_info=&#8221;{}&#8221; custom_padding__hover=&#8221;|||&#8221;][\/et_pb_column][\/et_pb_row][\/et_pb_section][et_pb_section fb_built=&#8221;1&#8243; module_class=&#8221;contact_1_3_boxes&#8221; _builder_version=&#8221;4.16&#8243; custom_padding=&#8221;0px||0px|&#8221; transparent_background=&#8221;off&#8221; make_fullwidth=&#8221;off&#8221; use_custom_width=&#8221;off&#8221; width_unit=&#8221;on&#8221; global_colors_info=&#8221;{}&#8221;][et_pb_row column_structure=&#8221;1_4,1_4,1_4,1_4&#8243; use_custom_gutter=&#8221;on&#8221; gutter_width=&#8221;1&#8243; make_equal=&#8221;on&#8221; module_class=&#8221; et_pb_row_fullwidth&#8221; _builder_version=&#8221;4.25.1&#8243; background_size=&#8221;initial&#8221; background_position=&#8221;top_left&#8221; background_repeat=&#8221;repeat&#8221; width=&#8221;100%&#8221; width_tablet=&#8221;100%&#8221; width_phone=&#8221;100%&#8221; width_last_edited=&#8221;on|desktop&#8221; max_width=&#8221;100%&#8221; max_width_tablet=&#8221;100%&#8221; max_width_phone=&#8221;100%&#8221; max_width_last_edited=&#8221;on|desktop&#8221; custom_padding=&#8221;0px||0px|&#8221; make_fullwidth=&#8221;on&#8221; use_custom_width=&#8221;off&#8221; width_unit=&#8221;on&#8221; global_colors_info=&#8221;{}&#8221;][et_pb_column type=&#8221;1_4&#8243; _builder_version=&#8221;4.16&#8243; custom_padding=&#8221;|||&#8221; global_colors_info=&#8221;{}&#8221; custom_padding__hover=&#8221;|||&#8221;][et_pb_cta title=&#8221;\u0130leti\u015fime Ge\u00e7in&#8221; _builder_version=&#8221;4.16&#8243; header_font=&#8221;|on|||&#8221; header_font_size=&#8221;30&#8243; body_font_size=&#8221;18&#8243; use_background_color=&#8221;off&#8221; background_size=&#8221;initial&#8221; background_position=&#8221;top_left&#8221; background_repeat=&#8221;repeat&#8221; text_orientation=&#8221;left&#8221; background_layout=&#8221;light&#8221; custom_padding=&#8221;4.9vw|2.6vw|1.2vw|2.6vw&#8221; custom_padding_tablet=&#8221;30px|30px|30px|30px&#8221; custom_padding_phone=&#8221;&#8221; custom_padding_last_edited=&#8221;on|phone&#8221; header_font_size_tablet=&#8221;26&#8243; header_font_size_phone=&#8221;22&#8243; header_font_size_last_edited=&#8221;on|phone&#8221; custom_css_promo_description=&#8221; line-height: 170%;&#8221; custom_css_promo_title=&#8221;padding-bottom: 35px;&#8221; use_border_color=&#8221;off&#8221; border_color=&#8221;#ffffff&#8221; border_style=&#8221;solid&#8221; button_letter_spacing_hover=&#8221;0&#8243; saved_tabs=&#8221;advanced,css&#8221; global_colors_info=&#8221;{}&#8221; button_text_size__hover_enabled=&#8221;off&#8221; button_one_text_size__hover_enabled=&#8221;off&#8221; button_two_text_size__hover_enabled=&#8221;off&#8221; button_text_color__hover_enabled=&#8221;off&#8221; button_one_text_color__hover_enabled=&#8221;off&#8221; button_two_text_color__hover_enabled=&#8221;off&#8221; button_border_width__hover_enabled=&#8221;off&#8221; button_one_border_width__hover_enabled=&#8221;off&#8221; button_two_border_width__hover_enabled=&#8221;off&#8221; button_border_color__hover_enabled=&#8221;off&#8221; button_one_border_color__hover_enabled=&#8221;off&#8221; button_two_border_color__hover_enabled=&#8221;off&#8221; button_border_radius__hover_enabled=&#8221;off&#8221; button_one_border_radius__hover_enabled=&#8221;off&#8221; button_two_border_radius__hover_enabled=&#8221;off&#8221; button_letter_spacing__hover_enabled=&#8221;on&#8221; button_letter_spacing__hover=&#8221;0&#8243; button_one_letter_spacing__hover_enabled=&#8221;off&#8221; button_two_letter_spacing__hover_enabled=&#8221;off&#8221; button_bg_color__hover_enabled=&#8221;off&#8221; button_one_bg_color__hover_enabled=&#8221;off&#8221; button_two_bg_color__hover_enabled=&#8221;off&#8221;]<\/p>\n<p>Etkinlik, kongre, lansman, i\u015fletme organizasyonlar\u0131n\u0131z ve daha fazlas\u0131 i\u00e7in bizimle ileti\u015fime ge\u00e7in.<\/p>\n<p>[\/et_pb_cta][\/et_pb_column][et_pb_column type=&#8221;1_4&#8243; _builder_version=&#8221;4.25.1&#8243; background_color=&#8221;#194077&#8243; custom_padding=&#8221;|||&#8221; global_colors_info=&#8221;{}&#8221; custom_padding__hover=&#8221;|||&#8221;][et_pb_cta title=&#8221;Telefon&#8221; _builder_version=&#8221;4.16&#8243; header_font=&#8221;|on|||&#8221; header_font_size=&#8221;30&#8243; body_font_size=&#8221;18&#8243; use_background_color=&#8221;off&#8221; background_size=&#8221;initial&#8221; background_position=&#8221;top_left&#8221; background_repeat=&#8221;repeat&#8221; text_orientation=&#8221;left&#8221; custom_padding=&#8221;4.9vw|2.6vw|1.2vw|2.6vw&#8221; custom_css_promo_description=&#8221; line-height: 170%;&#8221; custom_css_promo_title=&#8221;padding-bottom: 35px;&#8221; use_border_color=&#8221;off&#8221; border_color=&#8221;#ffffff&#8221; border_style=&#8221;solid&#8221; button_letter_spacing_hover=&#8221;0&#8243; saved_tabs=&#8221;advanced,css&#8221; global_colors_info=&#8221;{}&#8221; button_text_size__hover_enabled=&#8221;off&#8221; button_one_text_size__hover_enabled=&#8221;off&#8221; button_two_text_size__hover_enabled=&#8221;off&#8221; button_text_color__hover_enabled=&#8221;off&#8221; button_one_text_color__hover_enabled=&#8221;off&#8221; button_two_text_color__hover_enabled=&#8221;off&#8221; button_border_width__hover_enabled=&#8221;off&#8221; button_one_border_width__hover_enabled=&#8221;off&#8221; button_two_border_width__hover_enabled=&#8221;off&#8221; button_border_color__hover_enabled=&#8221;off&#8221; button_one_border_color__hover_enabled=&#8221;off&#8221; button_two_border_color__hover_enabled=&#8221;off&#8221; button_border_radius__hover_enabled=&#8221;off&#8221; button_one_border_radius__hover_enabled=&#8221;off&#8221; button_two_border_radius__hover_enabled=&#8221;off&#8221; button_letter_spacing__hover_enabled=&#8221;on&#8221; button_letter_spacing__hover=&#8221;0&#8243; button_one_letter_spacing__hover_enabled=&#8221;off&#8221; button_two_letter_spacing__hover_enabled=&#8221;off&#8221; button_bg_color__hover_enabled=&#8221;off&#8221; button_one_bg_color__hover_enabled=&#8221;off&#8221; button_two_bg_color__hover_enabled=&#8221;off&#8221;]<\/p>\n<p>+ 90 212 322 77 85<\/p>\n<p>[\/et_pb_cta][\/et_pb_column][et_pb_column type=&#8221;1_4&#8243; _builder_version=&#8221;4.16&#8243; custom_padding=&#8221;|||&#8221; global_colors_info=&#8221;{}&#8221; custom_padding__hover=&#8221;|||&#8221;][et_pb_cta title=&#8221;Adres&#8221; _builder_version=&#8221;4.27.0&#8243; header_font=&#8221;|on|||&#8221; header_font_size=&#8221;30&#8243; body_font_size=&#8221;18&#8243; use_background_color=&#8221;off&#8221; background_size=&#8221;initial&#8221; background_position=&#8221;top_left&#8221; background_repeat=&#8221;repeat&#8221; text_orientation=&#8221;left&#8221; background_layout=&#8221;light&#8221; custom_padding=&#8221;4.9vw|2.6vw|1.2vw|2.6vw&#8221; custom_css_promo_description=&#8221; line-height: 170%;&#8221; custom_css_promo_title=&#8221;padding-bottom: 35px;&#8221; use_border_color=&#8221;off&#8221; border_color=&#8221;#ffffff&#8221; border_style=&#8221;solid&#8221; button_letter_spacing_hover=&#8221;0&#8243; saved_tabs=&#8221;advanced,css&#8221; global_colors_info=&#8221;{}&#8221; button_text_size__hover_enabled=&#8221;off&#8221; button_one_text_size__hover_enabled=&#8221;off&#8221; button_two_text_size__hover_enabled=&#8221;off&#8221; button_text_color__hover_enabled=&#8221;off&#8221; button_one_text_color__hover_enabled=&#8221;off&#8221; button_two_text_color__hover_enabled=&#8221;off&#8221; button_border_width__hover_enabled=&#8221;off&#8221; button_one_border_width__hover_enabled=&#8221;off&#8221; button_two_border_width__hover_enabled=&#8221;off&#8221; button_border_color__hover_enabled=&#8221;off&#8221; button_one_border_color__hover_enabled=&#8221;off&#8221; button_two_border_color__hover_enabled=&#8221;off&#8221; button_border_radius__hover_enabled=&#8221;off&#8221; button_one_border_radius__hover_enabled=&#8221;off&#8221; button_two_border_radius__hover_enabled=&#8221;off&#8221; button_letter_spacing__hover_enabled=&#8221;on&#8221; button_letter_spacing__hover=&#8221;0&#8243; button_one_letter_spacing__hover_enabled=&#8221;off&#8221; button_two_letter_spacing__hover_enabled=&#8221;off&#8221; button_bg_color__hover_enabled=&#8221;off&#8221; button_one_bg_color__hover_enabled=&#8221;off&#8221; button_two_bg_color__hover_enabled=&#8221;off&#8221;]<\/p>\n<p class=\"et_pb_module_header\">Mithatpa\u015fa Mah. \u015eehit Sinan \u015een Cad. no: 40\/3 Ey\u00fcpsultan \/ \u0130stanbul<\/p>\n<p>[\/et_pb_cta][\/et_pb_column][et_pb_column type=&#8221;1_4&#8243; _builder_version=&#8221;4.25.1&#8243; background_color=&#8221;#27abda&#8221; custom_padding=&#8221;|||&#8221; global_colors_info=&#8221;{}&#8221; custom_padding__hover=&#8221;|||&#8221;][et_pb_cta title=&#8221;E-Posta&#8221; _builder_version=&#8221;4.16&#8243; header_font=&#8221;|on|||&#8221; header_font_size=&#8221;30&#8243; body_font_size=&#8221;18&#8243; use_background_color=&#8221;off&#8221; background_size=&#8221;initial&#8221; background_position=&#8221;top_left&#8221; background_repeat=&#8221;repeat&#8221; text_orientation=&#8221;left&#8221; custom_padding=&#8221;4.9vw|2.6vw|1.2vw|2.6vw&#8221; custom_css_promo_description=&#8221; line-height: 170%;&#8221; custom_css_promo_title=&#8221;padding-bottom: 35px;&#8221; use_border_color=&#8221;off&#8221; border_color=&#8221;#ffffff&#8221; border_style=&#8221;solid&#8221; button_letter_spacing_hover=&#8221;0&#8243; saved_tabs=&#8221;advanced,css&#8221; global_colors_info=&#8221;{}&#8221; button_text_size__hover_enabled=&#8221;off&#8221; button_one_text_size__hover_enabled=&#8221;off&#8221; button_two_text_size__hover_enabled=&#8221;off&#8221; button_text_color__hover_enabled=&#8221;off&#8221; button_one_text_color__hover_enabled=&#8221;off&#8221; button_two_text_color__hover_enabled=&#8221;off&#8221; button_border_width__hover_enabled=&#8221;off&#8221; button_one_border_width__hover_enabled=&#8221;off&#8221; button_two_border_width__hover_enabled=&#8221;off&#8221; button_border_color__hover_enabled=&#8221;off&#8221; button_one_border_color__hover_enabled=&#8221;off&#8221; button_two_border_color__hover_enabled=&#8221;off&#8221; button_border_radius__hover_enabled=&#8221;off&#8221; button_one_border_radius__hover_enabled=&#8221;off&#8221; button_two_border_radius__hover_enabled=&#8221;off&#8221; button_letter_spacing__hover_enabled=&#8221;on&#8221; button_letter_spacing__hover=&#8221;0&#8243; button_one_letter_spacing__hover_enabled=&#8221;off&#8221; button_two_letter_spacing__hover_enabled=&#8221;off&#8221; button_bg_color__hover_enabled=&#8221;off&#8221; button_one_bg_color__hover_enabled=&#8221;off&#8221; button_two_bg_color__hover_enabled=&#8221;off&#8221;]<\/p>\n<h4 class=\"et_pb_module_header\"><a href=\"mailto:info@monterra.com.tr%20\" style=\"font-size: 18px; font-weight: 500;\"><strong>info@monterra.com.tr<\/strong>\u00a0<\/a><\/h4>\n<p>[\/et_pb_cta][\/et_pb_column][\/et_pb_row][\/et_pb_section][et_pb_section fb_built=&#8221;1&#8243; module_class=&#8221;map_section&#8221; _builder_version=&#8221;4.16&#8243; background_color=&#8221;#f5f4f4&#8243; custom_css_main_element=&#8221; z-index: 3;&#8221; transparent_background=&#8221;off&#8221; make_fullwidth=&#8221;off&#8221; use_custom_width=&#8221;off&#8221; width_unit=&#8221;on&#8221; global_colors_info=&#8221;{}&#8221;][et_pb_row _builder_version=&#8221;4.16&#8243; background_size=&#8221;initial&#8221; background_position=&#8221;top_left&#8221; background_repeat=&#8221;repeat&#8221; custom_padding=&#8221;3.3vw||0px|&#8221; make_fullwidth=&#8221;off&#8221; use_custom_width=&#8221;off&#8221; width_unit=&#8221;on&#8221; global_colors_info=&#8221;{}&#8221;][et_pb_column type=&#8221;4_4&#8243; _builder_version=&#8221;4.16&#8243; custom_padding=&#8221;|||&#8221; global_colors_info=&#8221;{}&#8221; custom_padding__hover=&#8221;|||&#8221;][et_pb_cta title=&#8221;Neredeyiz?&#8221; _builder_version=&#8221;4.16&#8243; header_font=&#8221;|on|||&#8221; header_font_size=&#8221;30&#8243; body_font_size=&#8221;18&#8243; use_background_color=&#8221;off&#8221; background_size=&#8221;initial&#8221; background_position=&#8221;top_left&#8221; background_repeat=&#8221;repeat&#8221; text_orientation=&#8221;left&#8221; background_layout=&#8221;light&#8221; custom_margin=&#8221;||18px|&#8221; custom_css_promo_title=&#8221; display: inline-block;&#8221; use_border_color=&#8221;off&#8221; border_color=&#8221;#ffffff&#8221; border_style=&#8221;solid&#8221; button_letter_spacing_hover=&#8221;0&#8243; global_colors_info=&#8221;{}&#8221; button_text_size__hover_enabled=&#8221;off&#8221; button_one_text_size__hover_enabled=&#8221;off&#8221; button_two_text_size__hover_enabled=&#8221;off&#8221; button_text_color__hover_enabled=&#8221;off&#8221; button_one_text_color__hover_enabled=&#8221;off&#8221; button_two_text_color__hover_enabled=&#8221;off&#8221; button_border_width__hover_enabled=&#8221;off&#8221; button_one_border_width__hover_enabled=&#8221;off&#8221; button_two_border_width__hover_enabled=&#8221;off&#8221; button_border_color__hover_enabled=&#8221;off&#8221; button_one_border_color__hover_enabled=&#8221;off&#8221; button_two_border_color__hover_enabled=&#8221;off&#8221; button_border_radius__hover_enabled=&#8221;off&#8221; button_one_border_radius__hover_enabled=&#8221;off&#8221; button_two_border_radius__hover_enabled=&#8221;off&#8221; button_letter_spacing__hover_enabled=&#8221;on&#8221; button_letter_spacing__hover=&#8221;0&#8243; button_one_letter_spacing__hover_enabled=&#8221;off&#8221; button_two_letter_spacing__hover_enabled=&#8221;off&#8221; button_bg_color__hover_enabled=&#8221;off&#8221; button_one_bg_color__hover_enabled=&#8221;off&#8221; button_two_bg_color__hover_enabled=&#8221;off&#8221;][\/et_pb_cta][et_pb_code _builder_version=&#8221;4.25.1&#8243; _module_preset=&#8221;default&#8221; global_colors_info=&#8221;{}&#8221;]<iframe src=\"https:\/\/www.google.com\/maps\/embed?pb=!1m16!1m12!1m3!1d9652.818288696319!2d28.90718790065067!3d41.160838635318036!2m3!1f0!2f0!3f0!3m2!1i1024!2i768!4f13.1!2m1!1sMithatpa%C5%9Fa%20M.%C5%9Eehit%20Sinan%20%C5%9Een%20Cad.%20%20%20%20No%3A40%2F3%20Kemerburgaz%20-%20%C4%B0stanbul!5e1!3m2!1str!2str!4v1760367550289!5m2!1str!2str\" width=\"1000\" height=\"450\" style=\"border:0;\" allowfullscreen=\"\" loading=\"lazy\" referrerpolicy=\"no-referrer-when-downgrade\"><\/iframe>[\/et_pb_code][\/et_pb_column][\/et_pb_row][\/et_pb_section]<\/p>\n","protected":false},"excerpt":{"rendered":"<p>Etkinlik, kongre ve daha fazlas\u0131&#8230;Etkinlik, kongre, lansman, i\u015fletme organizasyonlar\u0131n\u0131z ve daha fazlas\u0131 i\u00e7in bizimle ileti\u015fime ge\u00e7in.+ 90 212 322 77 85Mithatpa\u015fa Mah. \u015eehit Sinan \u015een Cad. no: 40\/3 Ey\u00fcpsultan \/ \u0130stanbulinfo@monterra.com.tr\u00a0<\/p>\n","protected":false},"author":2,"featured_media":0,"parent":0,"menu_order":0,"comment_status":"closed","ping_status":"closed","template":"","meta":{"_et_pb_use_builder":"on","_et_pb_old_content":"","_et_gb_content_width":"","footnotes":""},"yoast_head":"<!-- This site is optimized with the Yoast SEO plugin v23.2 - https:\/\/yoast.com\/wordpress\/plugins\/seo\/ -->\n<title>\u0130leti\u015fim - Monterra Kongre &amp; Etkinlik<\/title>\n<meta name=\"robots\" content=\"index, follow, max-snippet:-1, max-image-preview:large, max-video-preview:-1\" \/>\n<link rel=\"canonical\" href=\"https:\/\/monterra.com.tr\/index.php\/iletisim\/\" \/>\n<meta property=\"og:locale\" content=\"en_US\" \/>\n<meta property=\"og:type\" content=\"article\" \/>\n<meta property=\"og:title\" content=\"\u0130leti\u015fim - Monterra Kongre &amp; Etkinlik\" \/>\n<meta property=\"og:description\" content=\"Etkinlik, kongre ve daha fazlas\u0131...Etkinlik, kongre, lansman, i\u015fletme organizasyonlar\u0131n\u0131z ve daha fazlas\u0131 i\u00e7in bizimle ileti\u015fime ge\u00e7in.+ 90 212 322 77 85Mithatpa\u015fa Mah. \u015eehit Sinan \u015een Cad. no: 40\/3 Ey\u00fcpsultan \/ \u0130stanbulinfo@monterra.com.tr\u00a0\" \/>\n<meta property=\"og:url\" content=\"https:\/\/monterra.com.tr\/index.php\/iletisim\/\" \/>\n<meta property=\"og:site_name\" content=\"Monterra Kongre &amp; Etkinlik\" \/>\n<meta property=\"article:modified_time\" content=\"2026-04-06T16:11:04+00:00\" \/>\n<meta name=\"twitter:card\" content=\"summary_large_image\" \/>\n<meta name=\"twitter:label1\" content=\"Est. reading time\" \/>\n\t<meta name=\"twitter:data1\" content=\"9 minutes\" \/>\n<script type=\"application\/ld+json\" class=\"yoast-schema-graph\">{\"@context\":\"https:\/\/schema.org\",\"@graph\":[{\"@type\":\"WebPage\",\"@id\":\"https:\/\/monterra.com.tr\/index.php\/iletisim\/\",\"url\":\"https:\/\/monterra.com.tr\/index.php\/iletisim\/\",\"name\":\"\u0130leti\u015fim - Monterra Kongre &amp; Etkinlik\",\"isPartOf\":{\"@id\":\"https:\/\/monterra.com.tr\/#website\"},\"datePublished\":\"2024-06-08T13:47:50+00:00\",\"dateModified\":\"2026-04-06T16:11:04+00:00\",\"breadcrumb\":{\"@id\":\"https:\/\/monterra.com.tr\/index.php\/iletisim\/#breadcrumb\"},\"inLanguage\":\"en-US\",\"potentialAction\":[{\"@type\":\"ReadAction\",\"target\":[\"https:\/\/monterra.com.tr\/index.php\/iletisim\/\"]}]},{\"@type\":\"BreadcrumbList\",\"@id\":\"https:\/\/monterra.com.tr\/index.php\/iletisim\/#breadcrumb\",\"itemListElement\":[{\"@type\":\"ListItem\",\"position\":1,\"name\":\"Home\",\"item\":\"https:\/\/monterra.com.tr\/\"},{\"@type\":\"ListItem\",\"position\":2,\"name\":\"\u0130leti\u015fim\"}]},{\"@type\":\"WebSite\",\"@id\":\"https:\/\/monterra.com.tr\/#website\",\"url\":\"https:\/\/monterra.com.tr\/\",\"name\":\"Monterra Ko\u0131ngre & Etkinlik\",\"description\":\"Monterra Kongre &amp; Etkinlik Resmi Web Sitesi\",\"publisher\":{\"@id\":\"https:\/\/monterra.com.tr\/#organization\"},\"potentialAction\":[{\"@type\":\"SearchAction\",\"target\":{\"@type\":\"EntryPoint\",\"urlTemplate\":\"https:\/\/monterra.com.tr\/?s={search_term_string}\"},\"query-input\":\"required name=search_term_string\"}],\"inLanguage\":\"en-US\"},{\"@type\":\"Organization\",\"@id\":\"https:\/\/monterra.com.tr\/#organization\",\"name\":\"Monterra Ko\u0131ngre & Etkinlik\",\"url\":\"https:\/\/monterra.com.tr\/\",\"logo\":{\"@type\":\"ImageObject\",\"inLanguage\":\"en-US\",\"@id\":\"https:\/\/monterra.com.tr\/#\/schema\/logo\/image\/\",\"url\":\"https:\/\/monterra.com.tr\/wp-content\/uploads\/2024\/05\/logo-monterra.png\",\"contentUrl\":\"https:\/\/monterra.com.tr\/wp-content\/uploads\/2024\/05\/logo-monterra.png\",\"width\":300,\"height\":112,\"caption\":\"Monterra Ko\u0131ngre & Etkinlik\"},\"image\":{\"@id\":\"https:\/\/monterra.com.tr\/#\/schema\/logo\/image\/\"}}]}<\/script>\n<!-- \/ Yoast SEO plugin. -->","yoast_head_json":{"title":"\u0130leti\u015fim - Monterra Kongre &amp; Etkinlik","robots":{"index":"index","follow":"follow","max-snippet":"max-snippet:-1","max-image-preview":"max-image-preview:large","max-video-preview":"max-video-preview:-1"},"canonical":"https:\/\/monterra.com.tr\/index.php\/iletisim\/","og_locale":"en_US","og_type":"article","og_title":"\u0130leti\u015fim - Monterra Kongre &amp; Etkinlik","og_description":"Etkinlik, kongre ve daha fazlas\u0131...Etkinlik, kongre, lansman, i\u015fletme organizasyonlar\u0131n\u0131z ve daha fazlas\u0131 i\u00e7in bizimle ileti\u015fime ge\u00e7in.+ 90 212 322 77 85Mithatpa\u015fa Mah. \u015eehit Sinan \u015een Cad. no: 40\/3 Ey\u00fcpsultan \/ \u0130stanbulinfo@monterra.com.tr\u00a0","og_url":"https:\/\/monterra.com.tr\/index.php\/iletisim\/","og_site_name":"Monterra Kongre &amp; Etkinlik","article_modified_time":"2026-04-06T16:11:04+00:00","twitter_card":"summary_large_image","twitter_misc":{"Est. reading time":"9 minutes"},"schema":{"@context":"https:\/\/schema.org","@graph":[{"@type":"WebPage","@id":"https:\/\/monterra.com.tr\/index.php\/iletisim\/","url":"https:\/\/monterra.com.tr\/index.php\/iletisim\/","name":"\u0130leti\u015fim - Monterra Kongre &amp; Etkinlik","isPartOf":{"@id":"https:\/\/monterra.com.tr\/#website"},"datePublished":"2024-06-08T13:47:50+00:00","dateModified":"2026-04-06T16:11:04+00:00","breadcrumb":{"@id":"https:\/\/monterra.com.tr\/index.php\/iletisim\/#breadcrumb"},"inLanguage":"en-US","potentialAction":[{"@type":"ReadAction","target":["https:\/\/monterra.com.tr\/index.php\/iletisim\/"]}]},{"@type":"BreadcrumbList","@id":"https:\/\/monterra.com.tr\/index.php\/iletisim\/#breadcrumb","itemListElement":[{"@type":"ListItem","position":1,"name":"Home","item":"https:\/\/monterra.com.tr\/"},{"@type":"ListItem","position":2,"name":"\u0130leti\u015fim"}]},{"@type":"WebSite","@id":"https:\/\/monterra.com.tr\/#website","url":"https:\/\/monterra.com.tr\/","name":"Monterra Ko\u0131ngre & Etkinlik","description":"Monterra Kongre &amp; Etkinlik Resmi Web Sitesi","publisher":{"@id":"https:\/\/monterra.com.tr\/#organization"},"potentialAction":[{"@type":"SearchAction","target":{"@type":"EntryPoint","urlTemplate":"https:\/\/monterra.com.tr\/?s={search_term_string}"},"query-input":"required name=search_term_string"}],"inLanguage":"en-US"},{"@type":"Organization","@id":"https:\/\/monterra.com.tr\/#organization","name":"Monterra Ko\u0131ngre & Etkinlik","url":"https:\/\/monterra.com.tr\/","logo":{"@type":"ImageObject","inLanguage":"en-US","@id":"https:\/\/monterra.com.tr\/#\/schema\/logo\/image\/","url":"https:\/\/monterra.com.tr\/wp-content\/uploads\/2024\/05\/logo-monterra.png","contentUrl":"https:\/\/monterra.com.tr\/wp-content\/uploads\/2024\/05\/logo-monterra.png","width":300,"height":112,"caption":"Monterra Ko\u0131ngre & Etkinlik"},"image":{"@id":"https:\/\/monterra.com.tr\/#\/schema\/logo\/image\/"}}]}},"_links":{"self":[{"href":"https:\/\/monterra.com.tr\/index.php\/wp-json\/wp\/v2\/pages\/322723"}],"collection":[{"href":"https:\/\/monterra.com.tr\/index.php\/wp-json\/wp\/v2\/pages"}],"about":[{"href":"https:\/\/monterra.com.tr\/index.php\/wp-json\/wp\/v2\/types\/page"}],"author":[{"embeddable":true,"href":"https:\/\/monterra.com.tr\/index.php\/wp-json\/wp\/v2\/users\/2"}],"replies":[{"embeddable":true,"href":"https:\/\/monterra.com.tr\/index.php\/wp-json\/wp\/v2\/comments?post=322723"}],"version-history":[{"count":4,"href":"https:\/\/monterra.com.tr\/index.php\/wp-json\/wp\/v2\/pages\/322723\/revisions"}],"predecessor-version":[{"id":353870,"href":"https:\/\/monterra.com.tr\/index.php\/wp-json\/wp\/v2\/pages\/322723\/revisions\/353870"}],"wp:attachment":[{"href":"https:\/\/monterra.com.tr\/index.php\/wp-json\/wp\/v2\/media?parent=322723"}],"curies":[{"name":"wp","href":"https:\/\/api.w.org\/{rel}","templated":true}]}}